{"id":1471,"date":"2021-09-20T02:41:27","date_gmt":"2021-09-20T02:41:27","guid":{"rendered":"https:\/\/juspeticoes.com.br\/site\/?post_type=product&#038;p=1471"},"modified":"2021-09-21T01:53:02","modified_gmt":"2021-09-21T01:53:02","slug":"acao-previdenciaria-para-implantacao-de-auxilio-doenca-c-c-pagamento-das-parcelas-retroativas-a-data-da-negativa-administrativo-do-beneficio-com-pedido-cautelar-de-antecipacao-da-tutela-juris","status":"publish","type":"product","link":"https:\/\/juspeticoes.com.br\/site\/produto\/acao-previdenciaria-para-implantacao-de-auxilio-doenca-c-c-pagamento-das-parcelas-retroativas-a-data-da-negativa-administrativo-do-beneficio-com-pedido-cautelar-de-antecipacao-da-tutela-juris\/","title":{"rendered":"A\u00c7\u00c3O PREVIDENCI\u00c1RIA PARA IMPLANTA\u00c7\u00c3O DE AUX\u00cdLIO-DOEN\u00c7A C\/C PAGAMENTO DAS PARCELAS RETROATIVAS \u00c0 DATA DA NEGATIVA \u2013ADMINISTRATIVO DO BENEF\u00cdCIO COM PEDIDO CAUTELAR DE ANTECIPA\u00c7\u00c3O DA TUTELA JURISDICIONAL"},"content":{"rendered":"<h4>Confira um trecho desse modelo:<\/h4>\n<p>&nbsp;<\/p>\n<p class=\"western\" align=\"justify\"><span style=\"font-size: small;\"><b>MM. JU\u00cdZADO ESPECIAL CIVEL FEDERAL DA SUBSE\u00c7\u00c3O JUDICI\u00c1RIA DE CIDADE\/XX.<\/b><\/span><\/p>\n<p class=\"western\" align=\"justify\"><span style=\"font-size: small;\"><u><b>FULANA DE TAL<\/b><\/u>, brasileira, casada, Lavradora, maior e capaz, Carteira de Identidade n\u00ba. XX.XXX.XXX-X SSP\/BA, inscrita no CPF\/MF sob o n\u00ba. XXXXXXX\/XX, Residente na Travessa XXXX, n\u00famero XX, Bairro XXX, CEP 44940-000, XXXX -XX, por seu procurador e Advogado <i>\u201cin fine\u201d<\/i> assinado, legalmente constitu\u00eddo conforme instrumento procurat\u00f3rio em anexo, estabelecido profissionalmente na Rua XXXXXX, n\u00ba. XX, 1\u00ba Andar, Centro, na Cidade de CIDADE, local onde recebem as intima\u00e7\u00f5es de praxe vem, respeitosamente \u00e0 presen\u00e7a de Vossa Excel\u00eancia<b> <\/b>propor a presente<b> <\/b><u><b>A\u00c7\u00c3O PREVIDENCI\u00c1RIA PARA IMPLANTA\u00c7\u00c3O DE AUX\u00cdLIO DOEN\u00c7A C\/C PAGAMENTO DAS PARCELAS RETROATIVAS \u00c0 DATA DA NEGATIVA ADMINISTRATIVO DO BENEF\u00cdCIO COM PEDIDO CAUTELAR DE ANTECIPA\u00c7\u00c3O DA TUTELA JURISDICIONAL<\/b><\/u><b>, <\/b>em<b> <\/b>face do<b> <\/b><u><b>INSTITUTO NACIONAL DO SEGURO SOCIAL<\/b><\/u><u> \u2013 <\/u><u><b>INSS<\/b><\/u>, Autarquia Federal com endere\u00e7o na Rua Trinta e Tr\u00eas, s\/n, na cidade de CIDADE \u2013 Bahia, CEP: 44900-000, fazendo-o nas raz\u00f5es de ordem f\u00e1tica e seguir deduzidas:<\/span><\/p>\n<p class=\"western\" align=\"right\"><span style=\"font-size: small;\"><b>I. <\/b><u><b>PRELIMINARMENTE<\/b><\/u><b> <\/b><\/span><\/p>\n<p class=\"western\" align=\"justify\"><span style=\"font-size: small;\">Preliminarmente salienta a Requerente, nos termos da Lei 1.060\/50, que n\u00e3o disp\u00f5e de condi\u00e7\u00f5es financeiras de arcar com as custas processuais e honor\u00e1rios advocat\u00edcios sem preju\u00edzo do pr\u00f3prio sustento e de sua fam\u00edlia, motivo pelo qual requer os benef\u00edcios da Gratuidade Judici\u00e1ria. Nesse sentido \u00e9 o entendimento do Supremo Tribunal Federal:<\/span><\/p>\n<p class=\"western\" align=\"justify\"><span style=\"font-size: small;\"><i>A simples declara\u00e7\u00e3o de miserabilidade jur\u00eddica por parte do interessado \u00e9 suficiente para a comprova\u00e7\u00e3o desse estado, nos termos do art. 4\u00ba, \u00a7 1\u00ba, da Lei 1.060\/50.<\/i> (STF \u2013 RE 205.029\/RS \u2013 DJU de 07.03.97) <\/span><\/p>\n<p class=\"western\" align=\"justify\"><span style=\"font-size: small;\">Assim, junta DECLARA\u00c7\u00c3O DE POBREZA, e requer a Gratuidade Judici\u00e1ria.<\/span><\/p>\n<p class=\"western\" align=\"right\"><span style=\"font-size: small;\"><br \/>\n<b>II \u2013 <\/b><u><b>DOS FATOS E DO DIREITO<\/b><\/u><\/span><\/p>\n","protected":false},"excerpt":{"rendered":"<ul>\n<li>\u00a0N\u00famero de p\u00e1ginas: 6<\/li>\n<li>\u00daltima atualiza\u00e7\u00e3o: 2021<\/li>\n<li>\u00a0Sum\u00e1rio da peti\u00e7\u00e3o: A\u00e7\u00e3o Previdenci\u00e1ria. Auxilio Doen\u00e7a. Parcelas Retroativas. Antecipa\u00e7\u00e3o de Tutela<\/li>\n<\/ul>\n","protected":false},"featured_media":1474,"comment_status":"closed","ping_status":"closed","template":"","meta":{"_joinchat":[]},"product_brand":[],"product_cat":[114],"product_tag":[],"class_list":{"0":"post-1471","1":"product","2":"type-product","3":"status-publish","4":"has-post-thumbnail","6":"product_cat-previdenciario","8":"first","9":"instock","10":"downloadable","11":"shipping-taxable","12":"purchasable","13":"product-type-simple"},"_links":{"self":[{"href":"https:\/\/juspeticoes.com.br\/site\/wp-json\/wp\/v2\/product\/1471","targetHints":{"allow":["GET"]}}],"collection":[{"href":"https:\/\/juspeticoes.com.br\/site\/wp-json\/wp\/v2\/product"}],"about":[{"href":"https:\/\/juspeticoes.com.br\/site\/wp-json\/wp\/v2\/types\/product"}],"replies":[{"embeddable":true,"href":"https:\/\/juspeticoes.com.br\/site\/wp-json\/wp\/v2\/comments?post=1471"}],"wp:featuredmedia":[{"embeddable":true,"href":"https:\/\/juspeticoes.com.br\/site\/wp-json\/wp\/v2\/media\/1474"}],"wp:attachment":[{"href":"https:\/\/juspeticoes.com.br\/site\/wp-json\/wp\/v2\/media?parent=1471"}],"wp:term":[{"taxonomy":"product_brand","embeddable":true,"href":"https:\/\/juspeticoes.com.br\/site\/wp-json\/wp\/v2\/product_brand?post=1471"},{"taxonomy":"product_cat","embeddable":true,"href":"https:\/\/juspeticoes.com.br\/site\/wp-json\/wp\/v2\/product_cat?post=1471"},{"taxonomy":"product_tag","embeddable":true,"href":"https:\/\/juspeticoes.com.br\/site\/wp-json\/wp\/v2\/product_tag?post=1471"}],"curies":[{"name":"wp","href":"https:\/\/api.w.org\/{rel}","templated":true}]}}