{"id":1421,"date":"2021-09-19T12:39:34","date_gmt":"2021-09-19T12:39:34","guid":{"rendered":"https:\/\/juspeticoes.com.br\/site\/?post_type=product&#038;p=1421"},"modified":"2021-09-21T01:26:59","modified_gmt":"2021-09-21T01:26:59","slug":"contrato-de-mutuo","status":"publish","type":"product","link":"https:\/\/juspeticoes.com.br\/site\/produto\/contrato-de-mutuo\/","title":{"rendered":"CONTRATO DE M\u00daTUO"},"content":{"rendered":"<h4>Confira um trecho desse modelo:<\/h4>\n<p>&nbsp;<\/p>\n<p align=\"center\"><span style=\"font-size: small;\"><u><b>CONTRATO DE M\u00daTUO<\/b><\/u><\/span><\/p>\n<p align=\"justify\"><b><span style=\"font-size: small;\">NOME DO MUTUANTE<\/span><\/b><span style=\"font-size: small;\">, brasileiro, estado civil, natural de XXXXXXX, profiss\u00e3o, portador da carteira de identidade n. XXXXXX, expedida pela SSP\/XX, e inscrito no CPF\/MF sob o n. XXXXXX, residente e domiciliado na Av. XXXXXXXXXXXXXX<\/span><span style=\"font-size: small;\">, doravante designado <\/span><b><span style=\"font-size: small;\">MUTUANTE<\/span><\/b><span style=\"font-size: small;\">;<\/span><\/p>\n<p class=\"western\" align=\"justify\"><span style=\"font-size: small;\"><b>NOME DO MUTU\u00c1RIO<\/b>, brasileiro, estado civil, natural de XXXXXXX, profiss\u00e3o, portador da carteira de identidade n. XXXXX, expedida pela SSP\/XX, e inscrito no CPF\/MF sob o n. XXXXXX, residente e domiciliando na Rua XXXXXXXX, doravante denominado <b>MUTU\u00c1RIO<\/b>.<\/span><\/p>\n<p><span style=\"font-family: Times New Roman, serif;\"><span style=\"font-family: Arial, sans-serif;\"><span style=\"font-size: small;\">As partes acima identificadas t\u00eam, entre si, justo e acertado, o presente Contrato de M\u00fatuo, que se reger\u00e1 pelas pelo disposto nos artigos 586 a 592 do C\u00f3digo Civil e pelas cl\u00e1usulas e condi\u00e7\u00f5es descritas no presente instrumento.<\/span><\/span><\/span><\/p>\n<p class=\"western\" align=\"center\"><span style=\"font-size: small;\"><span style=\"color: #000000;\"><b>DO OBJETO DO CONTRATO<\/b><\/span><\/span><\/p>\n<p class=\"western\" align=\"justify\"><span style=\"font-size: small;\"><b>Cl\u00e1usula 1\u00aa.<\/b> Pelo presente instrumento, o <b>MUTUANTE<\/b> disponibilizar\u00e1 ao <b>MUTU\u00c1RIO<\/b>, a import\u00e2ncia pecuni\u00e1ria de R$ XXXXXXXXXX, sob a forma de empr\u00e9stimo, em XX parcelas, mensais e sucessivas, a partir da assinatura desse instrumento, conforme abaixo especificado:<\/span><\/p>\n<p class=\"western\" align=\"justify\"><span style=\"font-size: small;\"><u>1\u00aa Parcela<\/u>:<\/span><\/p>\n<p class=\"western\" align=\"justify\"><span style=\"font-size: small;\">Data: XX\/XX\/XXXX<\/span><\/p>\n<p class=\"western\" align=\"justify\"><span style=\"font-size: small;\">Valor: R$ XXXXXXX<\/span><\/p>\n<p class=\"western\" align=\"justify\"><span style=\"font-size: small;\"><u>2\u00aa a 5\u00aa Parcelas:<\/u><\/span><\/p>\n<p class=\"western\" align=\"justify\"><span style=\"font-size: small;\">Datas: XX\/XX\/XXXX<\/span><\/p>\n<p class=\"western\" align=\"justify\"><span style=\"font-size: small;\">Valor: XXXXXXXXXXXX<\/span><\/p>\n<p class=\"western\" align=\"justify\"><span style=\"font-size: small;\"><u>6\u00aa Parcela<\/u>:<\/span><\/p>\n<p class=\"western\" align=\"justify\"><span style=\"font-size: small;\">Data: XX\/XX\/XXXX<\/span><\/p>\n<p class=\"western\" align=\"justify\"><span style=\"font-size: small;\">Valor: XXXXXXXXXXXXX <\/span><\/p>\n<p class=\"western\" align=\"justify\"><span style=\"font-size: small;\"><b>Par\u00e1grafo Primeiro<\/b> &#8211; Os valores ser\u00e3o disponibilizados pelo <b>MUTUANTE<\/b> nas datas estabelecidas no <i>caput<\/i>, mediante cr\u00e9dito em conta corrente n\u00ba XXXXX, ag\u00eancia XXX, Banco XXXXX de titularidade do <b>MUTU\u00c1RIO<\/b>.<\/span><\/p>\n<p class=\"western\" align=\"center\"><span style=\"font-size: small;\"><b>DO PAGAMENTO<\/b><\/span><\/p>\n<p class=\"western\" align=\"justify\"><span style=\"font-size: small;\"><span style=\"color: #000000;\"><b>Cl\u00e1usula 2\u00aa.<\/b><\/span><span style=\"color: #000000;\"> O <\/span><span style=\"color: #000000;\"><b>MUTU\u00c1RIO<\/b><\/span><span style=\"color: #000000;\"> efetuar\u00e1 o pagamento das quantias disponibilizadas pelo <\/span><span style=\"color: #000000;\"><b>MUTUANTE<\/b><\/span><span style=\"color: #000000;\"> no prazo m\u00e1ximo de XX meses, contados da data da assinatura deste instrumento.<\/span><\/span><\/p>\n<p class=\"western\" align=\"justify\"><span style=\"font-size: small;\"><span style=\"color: #000000;\"><b>Par\u00e1grafo \u00danico<\/b><\/span><span style=\"color: #000000;\"> &#8211; Todas as despesas decorrentes do m\u00fatuo ora contratado ser\u00e3o de responsabilidade do <\/span><span style=\"color: #000000;\"><b>MUTUANTE<\/b><\/span><span style=\"color: #000000;\">, as quais ser\u00e3o descontadas do montante total a ser devolvido pelo<\/span><span style=\"color: #000000;\"><b> MUTU\u00c1RIO<\/b><\/span><span style=\"color: #000000;\">, ao tempo da quita\u00e7\u00e3o final das suas obriga\u00e7\u00f5es. <\/span><\/span><\/p>\n<p class=\"western\" align=\"justify\"><span style=\"color: #000000;\">\u00a0\u00a0\u00a0\u00a0<\/span> <span style=\"font-size: small;\"><span style=\"color: #000000;\"><br \/>\n<\/span><span style=\"color: #000000;\"><b>Cl\u00e1usula 3\u00aa.<\/b><\/span><span style=\"color: #000000;\"> O valor mutuado ser\u00e1 devolvido ao <\/span><span style=\"color: #000000;\"><b>MUTUANTE<\/b><\/span><span style=\"color: #000000;\">, devidamente corrigido pela varia\u00e7\u00e3o do CDI (Certificado de Dep\u00f3sito Interbanc\u00e1rio), desde a data da efetiva disponibiliza\u00e7\u00e3o de cada quantia solicitada pela<\/span><span style=\"color: #000000;\"><b> MUTU\u00c1RIA<\/b><\/span><span style=\"color: #000000;\"> at\u00e9 sua liquida\u00e7\u00e3o.<\/span><\/span><\/p>\n<p class=\"western\" align=\"center\"><span style=\"font-size: small;\"><b>DO ATRASO<\/b><\/span><\/p>\n","protected":false},"excerpt":{"rendered":"<ul>\n<li>\u00a0N\u00famero de p\u00e1ginas: 4<\/li>\n<li>\u00a0\u00daltima atualiza\u00e7\u00e3o: 2021<\/li>\n<li>\u00a0Sum\u00e1rio do contrato: Contratos. Contrato de M\u00fatuo.<\/li>\n<\/ul>\n","protected":false},"featured_media":1432,"comment_status":"closed","ping_status":"closed","template":"","meta":{"_joinchat":[]},"product_brand":[],"product_cat":[112],"product_tag":[],"class_list":{"0":"post-1421","1":"product","2":"type-product","3":"status-publish","4":"has-post-thumbnail","6":"product_cat-contratos","8":"first","9":"instock","10":"downloadable","11":"shipping-taxable","12":"purchasable","13":"product-type-simple"},"_links":{"self":[{"href":"https:\/\/juspeticoes.com.br\/site\/wp-json\/wp\/v2\/product\/1421","targetHints":{"allow":["GET"]}}],"collection":[{"href":"https:\/\/juspeticoes.com.br\/site\/wp-json\/wp\/v2\/product"}],"about":[{"href":"https:\/\/juspeticoes.com.br\/site\/wp-json\/wp\/v2\/types\/product"}],"replies":[{"embeddable":true,"href":"https:\/\/juspeticoes.com.br\/site\/wp-json\/wp\/v2\/comments?post=1421"}],"wp:featuredmedia":[{"embeddable":true,"href":"https:\/\/juspeticoes.com.br\/site\/wp-json\/wp\/v2\/media\/1432"}],"wp:attachment":[{"href":"https:\/\/juspeticoes.com.br\/site\/wp-json\/wp\/v2\/media?parent=1421"}],"wp:term":[{"taxonomy":"product_brand","embeddable":true,"href":"https:\/\/juspeticoes.com.br\/site\/wp-json\/wp\/v2\/product_brand?post=1421"},{"taxonomy":"product_cat","embeddable":true,"href":"https:\/\/juspeticoes.com.br\/site\/wp-json\/wp\/v2\/product_cat?post=1421"},{"taxonomy":"product_tag","embeddable":true,"href":"https:\/\/juspeticoes.com.br\/site\/wp-json\/wp\/v2\/product_tag?post=1421"}],"curies":[{"name":"wp","href":"https:\/\/api.w.org\/{rel}","templated":true}]}}