{"id":1398,"date":"2021-09-19T12:09:18","date_gmt":"2021-09-19T12:09:18","guid":{"rendered":"https:\/\/juspeticoes.com.br\/site\/?post_type=product&#038;p=1398"},"modified":"2021-09-23T11:36:17","modified_gmt":"2021-09-23T11:36:17","slug":"acao-de-cobranca-de-beneficio-do-seguro-obrigatorio-dpvat","status":"publish","type":"product","link":"https:\/\/juspeticoes.com.br\/site\/produto\/acao-de-cobranca-de-beneficio-do-seguro-obrigatorio-dpvat\/","title":{"rendered":"A\u00c7\u00c3O DE COBRAN\u00c7A DE BENEF\u00cdCIO DO SEGURO OBRIGAT\u00d3RIO \u2013 DPVAT"},"content":{"rendered":"<h4>Confira um trecho desse modelo:<\/h4>\n<p>&nbsp;<\/p>\n<p class=\"western\" align=\"justify\"><span style=\"font-family: Times New Roman, serif;\"><span style=\"font-size: medium;\"><span style=\"font-family: Arial, sans-serif;\"><span style=\"font-size: small;\"><span lang=\"en-US\"><b>AO DOUTO JU\u00cdZO DE DIREITO DA ________ \u00aa VARA C\u00cdVEL DO FORO DE ________<\/b><\/span><\/span><\/span><\/span><\/span><\/p>\n<p class=\"western\" align=\"justify\"><span style=\"font-family: Times New Roman, serif;\"><span style=\"font-size: medium;\"><span style=\"font-family: Arial, sans-serif;\"><span style=\"font-size: small;\"><span lang=\"en-US\"><b>XXXXXXXXXX<\/b><\/span><\/span><\/span><span style=\"font-family: Arial, sans-serif;\"><span style=\"font-size: small;\"><span lang=\"en-US\">, brasileiro, (estado civil), (profiss\u00e3o), inscrita no CPF sob o n\u00famero <\/span><\/span><\/span><span style=\"font-family: Arial, sans-serif;\"><span style=\"font-size: small;\"><span lang=\"en-US\"><b>XXXXXXXX<\/b><\/span><\/span><\/span><span style=\"font-family: Arial, sans-serif;\"><span style=\"font-size: small;\"><span lang=\"en-US\">, portador do RG sob o n\u00ba <\/span><\/span><\/span><span style=\"font-family: Arial, sans-serif;\"><span style=\"font-size: small;\"><span lang=\"en-US\"><b>XXXXXXXX<\/b><\/span><\/span><\/span><span style=\"font-family: Arial, sans-serif;\"><span style=\"font-size: small;\"><span lang=\"en-US\">, <\/span><\/span><\/span><span style=\"font-family: Arial, sans-serif;\"><span style=\"font-size: small;\"><span lang=\"pt-BR\">estabelecida<\/span><\/span><\/span><span style=\"font-family: Arial, sans-serif;\"><span style=\"font-size: small;\"><span lang=\"en-US\"> na Avenida <\/span><\/span><\/span><span style=\"font-family: Arial, sans-serif;\"><span style=\"font-size: small;\"><span lang=\"en-US\"><b>XXXXXXXXXXXX<\/b><\/span><\/span><\/span><span style=\"font-family: Arial, sans-serif;\"><span style=\"font-size: small;\"><span lang=\"en-US\">, por seu representante legal abaixo assinado e identificado <\/span><\/span><\/span><span style=\"font-family: Arial, sans-serif;\"><span style=\"font-size: small;\"><span lang=\"en-US\"><b>(Doc. 01)<\/b><\/span><\/span><\/span><span style=\"font-family: Arial, sans-serif;\"><span style=\"font-size: small;\"><span lang=\"en-US\">, com escrit\u00f3rio profissional situado \u00e0 Rua <\/span><\/span><\/span><span style=\"font-family: Arial, sans-serif;\"><span style=\"font-size: small;\"><span lang=\"en-US\"><b>XXXXXXXXXXXX<\/b><\/span><\/span><\/span><span style=\"font-family: Arial, sans-serif;\"><span style=\"font-size: small;\"><span lang=\"en-US\">, com endere\u00e7o eletr\u00f4nico, e-mail: <\/span><\/span><\/span><span style=\"font-family: Arial, sans-serif;\"><span style=\"font-size: small;\"><span lang=\"en-US\"><b>XXXXXXX<\/b><\/span><\/span><\/span><span style=\"font-family: Arial, sans-serif;\"><span style=\"font-size: small;\"><span lang=\"en-US\">, vem, respeitosamente, \u00e0 presen\u00e7a de V. Exa., propor a presente:<\/span><\/span><\/span><\/span><\/span><\/p>\n<p class=\"western\" align=\"center\"><span style=\"font-family: Times New Roman, serif;\"><span style=\"font-size: medium;\"><span style=\"font-family: Arial, sans-serif;\"><span style=\"font-size: large;\"><span lang=\"en-US\"><b>A<\/b><\/span><\/span><\/span><span style=\"color: #000000;\"><span style=\"font-family: Arial, sans-serif;\"><span style=\"font-size: large;\"><span lang=\"en-US\"><b>\u00c7\u00c3O DE COBRAN\u00c7A DE BENEF\u00cdCIO DO SEGURO OBRIGAT\u00d3RIO &#8211; <a href=\"https:\/\/www.jusbrasil.com.br\/legislacao\/127799\/lei-do-seguro-dpvat-lei-8441-92\">DPVAT<\/a><\/b><\/span><\/span><\/span><\/span><\/span><\/span><\/p>\n<p class=\"western\" align=\"justify\"><span style=\"font-family: Times New Roman, serif;\"><span style=\"font-size: medium;\"><span style=\"font-family: Arial, sans-serif;\"><span style=\"font-size: small;\"><span lang=\"en-US\">em face de <\/span><\/span><\/span><span style=\"font-family: Arial, sans-serif;\"><span style=\"font-size: small;\"><span lang=\"en-US\"><b>XXXXXXXXXX,<\/b><\/span><\/span><\/span><span style=\"font-family: Arial, sans-serif;\"><span style=\"font-size: small;\"><span lang=\"en-US\"> nacionalidade, estado civil, profiss\u00e3o, portador do CPF\/MF n\u00ba 0000000, com Documento de Identidade de n\u00ba 000000, residente e domiciliado na Rua TAL, n\u00ba 00000, bairro TAL, CEP: 000000, CIDADE\/UF), pelas raz\u00f5es de fato e de direito que passa a aduzir e no final requer.:<\/span><\/span><\/span><\/span><\/span><\/p>\n<ol>\n<li>\n<p class=\"western\" lang=\"en-US\" align=\"right\"><span style=\"font-family: Arial, sans-serif;\"><span style=\"font-size: small;\"><b>PRELIMINARMENTE<\/b><\/span><\/span><\/p>\n<\/li>\n<\/ol>\n<ol type=\"I\">\n<li>\n<p class=\"western\" lang=\"en-US\" align=\"right\"><span style=\"font-family: Arial, sans-serif;\"><span style=\"font-size: small;\"><b>DO DIREITO AO BENEF\u00cdCIO DA GRATUIDADE DE JUSTI\u00c7A<\/b><\/span><\/span><\/p>\n<\/li>\n<\/ol>\n<p class=\"western\" align=\"justify\"><span style=\"font-family: Times New Roman, serif;\"><span style=\"font-size: medium;\"><span style=\"font-family: Arial, sans-serif;\"><span style=\"font-size: small;\"><span lang=\"en-US\">O Requerente declara em s\u00e3 consci\u00eancia que n\u00e3o tem condi\u00e7\u00f5es de arcar com as custas e despesas processuais sem preju\u00edzo do seu pr\u00f3prio sustento e de sua fam\u00edlia.<\/span><\/span><\/span><\/span><\/span><\/p>\n<p class=\"western\" align=\"justify\"><span style=\"font-family: Times New Roman, serif;\"><span style=\"font-size: medium;\"><span style=\"font-family: Arial, sans-serif;\"><span style=\"font-size: small;\"><span lang=\"en-US\">\u00c9 de ordem p\u00fablica o Princ\u00edpio da gratuidade da justi\u00e7a \u00e0queles que n\u00e3o tem condi\u00e7\u00f5es de arcar com as custas e despesas processuais sem preju\u00edzo do sustento pr\u00f3prio e de sua fam\u00edlia nos temor da <\/span><\/span><\/span><span style=\"color: #000000;\"><span style=\"font-family: Arial, sans-serif;\"><span style=\"font-size: small;\"><span lang=\"en-US\"><a href=\"http:\/\/www.dji.com.br\/leis_ordinarias\/1950-001060-ajn\/assistencia_judiciaria_aos_necessitados.htm\">Lei n\u00ba<\/a><a href=\"https:\/\/www.jusbrasil.com.br\/legislacao\/109499\/lei-de-assist%C3%AAncia-judici%C3%A1ria-lei-1060-50\">1.060<\/a>, de 05 de Fevereiro de 1950, nos seus artigos <a href=\"https:\/\/www.jusbrasil.com.br\/topicos\/11707642\/artigo-2-da-lei-n-1060-de-05-de-fevereiro-de-1950\">2\u00ba<\/a>, <a href=\"https:\/\/www.jusbrasil.com.br\/topicos\/11707616\/par%C3%A1grafo-1-artigo-2-da-lei-n-1060-de-05-de-fevereiro-de-1950\">par\u00e1grafo \u00fanico<\/a>; <a href=\"http:\/\/www.jusbrasil.com.br\/topicos\/11707582\/artigo-3-da-lei-n-1060-de-05-de-fevereiro-de-1950\">3\u00ba<\/a> e <a href=\"http:\/\/www.jusbrasil.com.br\/topicos\/11707350\/artigo-4-da-lei-n-1060-de-05-de-fevereiro-de-1950\">4\u00ba.<\/a><\/span><\/span><\/span><\/span><\/span><\/span><\/p>\n<p class=\"western\" align=\"justify\"><span style=\"font-family: Times New Roman, serif;\"><span style=\"font-size: medium;\"><span style=\"font-family: Arial, sans-serif;\"><span style=\"font-size: small;\"><span lang=\"en-US\">Diante do exposto, o benef\u00edcio da assist\u00eancia judici\u00e1ria gratuita \u00e9 garantido constitucionalmente, portanto, uma vez que n\u00e3o tem condi\u00e7\u00f5es econ\u00f4mico-financeiras de arcar com as custas processuais, sem preju\u00edzo do sustento pr\u00f3prio e de sua fam\u00edlia, pleita o Requerente por este benef\u00edcio.<\/span><\/span><\/span><\/span><\/span><\/p>\n<ol start=\"2\" type=\"I\">\n<li>\n<p class=\"western\" lang=\"en-US\" align=\"right\"><span style=\"font-family: Arial, sans-serif;\"><span style=\"font-size: small;\"><b>DO PEDIDO ADMINISTRATIVO<\/b><\/span><\/span><\/p>\n<\/li>\n<\/ol>\n<p class=\"western\" align=\"justify\"><span style=\"font-family: Times New Roman, serif;\"><span style=\"font-size: medium;\"><span style=\"font-family: Arial, sans-serif;\"><span style=\"font-size: small;\"><span lang=\"en-US\">O Requerente foi v\u00edtima de um acidente de tr\u00e2nsito, levando por consequ\u00eancia \u00e0 INVALIDEZ PERMANENTE, comprovado por meio de Boletim de Ocorr\u00eancia da Pol\u00edcia Judici\u00e1ria Civil, Boletim de Atendimento do Pronto Atendimento <\/span><\/span><\/span><span style=\"font-family: Arial, sans-serif;\"><span style=\"font-size: small;\"><span lang=\"en-US\"><b>(Doc. 02).<\/b><\/span><\/span><\/span> <\/span><\/span><\/p>\n<p class=\"western\" align=\"justify\"><span style=\"font-family: Times New Roman, serif;\"><span style=\"font-size: medium;\"><span style=\"font-family: Arial, sans-serif;\"><span style=\"font-size: small;\"><span lang=\"en-US\">Assim, o Requerente junta aos autos c\u00f3pia de pedido administrativo, que at\u00e9 o momento n\u00e3o houve resposta da seguradora no prazo de 30 (trinta) dias \u00fateis, prazo disponibilizado por eles.<\/span><\/span><\/span><\/span><\/span><\/p>\n<p class=\"western\" align=\"justify\"><span style=\"font-family: Times New Roman, serif;\"><span style=\"font-size: medium;\"><span style=\"font-family: Arial, sans-serif;\"><span style=\"font-size: small;\"><span lang=\"en-US\">Ora, importante registrar que todos os documentos exigidos est\u00e3o no processo, aptos para reconhecer o sireito a indeniza\u00e7\u00e3o. <\/span><\/span><\/span><\/span><\/span><\/p>\n<p class=\"western\" align=\"justify\"><span style=\"font-family: Times New Roman, serif;\"><span style=\"font-size: medium;\"><span style=\"font-family: Arial, sans-serif;\"><span style=\"font-size: small;\"><span lang=\"en-US\">Em momento algum a Lei que rege o Seguro Obrigat\u00f3rio exige que o procedimento a ser adotado pelo Benefici\u00e1rio se d\u00ea primeiramente pela via administrativa, mesmo porque, caso houvesse essa exig\u00eancia, seria inconstitucional, ferindo o art. <a href=\"https:\/\/www.jusbrasil.com.br\/topicos\/10641516\/artigo-5-da-constitui%C3%A7%C3%A3o-federal-de-1988\">5\u00ba<\/a>, <a href=\"https:\/\/www.jusbrasil.com.br\/topicos\/10729607\/inciso-xxxv-do-artigo-5-da-constitui%C3%A7%C3%A3o-federal-de-1988\">XXXV<\/a>, da CF.<\/span><\/span><\/span><\/span><\/span><\/p>\n<p class=\"western\" align=\"justify\"><span style=\"font-family: Times New Roman, serif;\"><span style=\"font-size: medium;\"><span style=\"font-family: Arial, sans-serif;\"><span style=\"font-size: small;\"><span lang=\"en-US\">Inclusive, esse \u00e9 o entendimento jurisprudencial, conforme se v\u00ea abaixo:<\/span><\/span><\/span><\/span><\/span><\/p>\n<p class=\"western\" align=\"justify\"><span style=\"font-family: Times New Roman, serif;\"><span style=\"font-size: medium;\"><span style=\"font-family: Arial, sans-serif;\"><span style=\"font-size: small;\"><span lang=\"en-US\">APELA\u00c7\u00c3O C\u00cdVEL. SEGUROS. <\/span><\/span><\/span><a href=\"https:\/\/www.jusbrasil.com.br\/legislacao\/127799\/lei-do-seguro-dpvat-lei-8441-92\"><span style=\"color: #4f81bd;\"><span style=\"font-family: Arial, sans-serif;\"><span style=\"font-size: small;\"><span lang=\"en-US\">DPVAT<\/span><\/span><\/span><\/span><\/a><span style=\"font-family: Arial, sans-serif;\"><span style=\"font-size: small;\"><span lang=\"en-US\">. LEI N\u00ba <\/span><\/span><\/span><a href=\"https:\/\/www.jusbrasil.com.br\/legislacao\/109265\/lei-do-seguro-dpvat-de-1974-lei-6194-74\"><span style=\"color: #4f81bd;\"><span style=\"font-family: Arial, sans-serif;\"><span style=\"font-size: small;\"><span lang=\"en-US\">6.194<\/span><\/span><\/span><\/span><\/a><span style=\"font-family: Arial, sans-serif;\"><span style=\"font-size: small;\"><span lang=\"en-US\">\/1974. AUS\u00caNCIA DE PEDIDO ADMINISTRATIVO N\u00c3O IMPEDE O AJUIZAMENTO DA DEMANDA JUDICIAL. CONFIGURADO INTERESSE DE AGIR DA PARTE AUTORA. SINISTRO POR QUEDA DE BICICLETA. CAB\u00cdVEL A INDENIZA\u00c7\u00c3O.<\/span><\/span><\/span><\/span><\/span><\/p>\n<p class=\"western\" lang=\"en-US\" align=\"justify\"><span style=\"font-family: Arial, sans-serif;\"><span style=\"font-size: small;\">1) Inexiste necessidade de ser esgotada a via administrativa para o ingresso de demanda judicial, n\u00e3o havendo de se falar, portanto, em falta de interesse de agir.<\/span><\/span><\/p>\n<p class=\"western\" align=\"justify\"><span style=\"font-family: Times New Roman, serif;\"><span style=\"font-size: medium;\"><span style=\"font-family: Arial, sans-serif;\"><span style=\"font-size: small;\"><span lang=\"en-US\">2) Na hip\u00f3tese dos autos, a parte autora sofreu uma queda de bicicleta para evitar colis\u00e3o frontal com ve\u00edculo que, em sentido contr\u00e1rio, invadiu a pista na qual pedalava em sua dire\u00e7\u00e3o. Nesse passo, o sinistro pode ser tranquilamente enquadrado como acidente de tr\u00e2nsito e, por conseguinte, as les\u00f5es decorrentes do infort\u00fanio est\u00e3o cobertas pelo seguro <a href=\"https:\/\/www.jusbrasil.com.br\/legislacao\/127799\/lei-do-seguro-dpvat-lei-8441-92\">DPVAT<\/a>.NEGARAM PROVIMENTO AO RECURSO DE APELA\u00c7\u00c3O.(Apela\u00e7\u00e3o C\u00edvel, N\u00ba 70083395376, Sexta C\u00e2mara C\u00edvel, Tribunal de Justi\u00e7a do RS, Relator: Eliziana da Silveira Perez, Julgado em: 20-02-2020)<\/span><\/span><\/span><\/span><\/span><\/p>\n<p class=\"western\" lang=\"en-US\" align=\"justify\"><span style=\"font-family: Arial, sans-serif;\"><span style=\"font-size: small;\">(TJ-RS &#8211; AC: 70083395376 RS, Relator: Eliziana da Silveira Perez, Data de Julgamento: 20\/02\/2020, Sexta C\u00e2mara C\u00edvel, Data de Publica\u00e7\u00e3o: 28\/02\/2020)<\/span><\/span><\/p>\n<p class=\"western\" lang=\"en-US\" align=\"justify\"><span style=\"font-family: Arial, sans-serif;\"><span style=\"font-size: small;\">(&#8230;)<\/span><\/span><\/p>\n<p class=\"western\" align=\"justify\"><span style=\"font-family: Times New Roman, serif;\"><span style=\"font-size: medium;\"><span style=\"font-family: Arial, sans-serif;\"><span style=\"font-size: small;\"><span lang=\"en-US\">APELA\u00c7AO C\u00cdVEL. <a href=\"https:\/\/www.jusbrasil.com.br\/legislacao\/127799\/lei-do-seguro-dpvat-lei-8441-92\">DPVAT<\/a>. INVALIDEZ PERMANENTE. PEDIDO ADMINISTRATIVO. DESNECESSIDADE. SENTEN\u00c7A DESCONTITU\u00cdDA. A falta de requerimento administrativo n\u00e3o retira dos benefici\u00e1rios o direito de postular a indeniza\u00e7\u00e3o diretamente na Justi\u00e7a, sob pena de viola\u00e7\u00e3o ao <a href=\"https:\/\/jus.com.br\/tudo\/direito-constitucional\">direito constitucional<\/a> 5\u00baXXXVCF<\/span><\/span><\/span><\/span><\/span><\/p>\n<p class=\"western\" align=\"justify\"><span style=\"font-family: Times New Roman, serif;\"><span style=\"font-size: medium;\"><span style=\"font-family: Arial, sans-serif;\"><span style=\"font-size: small;\"><span lang=\"en-US\">Contudo, para afastar qualquer d\u00favidas quanto \u00e0 inadequa\u00e7\u00e3o da via administrativa no seguro <a href=\"https:\/\/www.jusbrasil.com.br\/legislacao\/127799\/lei-do-seguro-dpvat-lei-8441-92\">DPVAT<\/a>, a parte Autora, exp\u00f5e abaixo, os motivos pelos quais \u00e9<\/span><\/span><\/span><\/span><\/span><\/p>\n<ol start=\"3\" type=\"I\">\n<li>\n<p class=\"western\" align=\"right\"><span style=\"font-family: Times New Roman, serif;\"><span style=\"font-size: medium;\"><span style=\"font-family: Arial, sans-serif;\"><span style=\"font-size: small;\"><span lang=\"en-US\"><b>OBRIGADO A INGRESSAR COM A PRESENTE A\u00c7\u00c3O<\/b><\/span><\/span><\/span><\/span><\/span><\/p>\n<\/li>\n<\/ol>\n","protected":false},"excerpt":{"rendered":"<ul>\n<li>\u00a0N\u00famero de p\u00e1ginas: 20<\/li>\n<li>\u00a0Ano da jurisprud\u00eancia: 2020<\/li>\n<li>\u00a0\u00daltima atualiza\u00e7\u00e3o: 2021<\/li>\n<li>\u00a0Sum\u00e1rio da peti\u00e7\u00e3o: Direito do Consumidor. A\u00e7\u00e3o de Cobran\u00e7a. Seguro Obrigat\u00f3rio. DPVAT<\/li>\n<\/ul>\n","protected":false},"featured_media":1406,"comment_status":"closed","ping_status":"closed","template":"","meta":{"_joinchat":[]},"product_brand":[],"product_cat":[111],"product_tag":[],"class_list":{"0":"post-1398","1":"product","2":"type-product","3":"status-publish","4":"has-post-thumbnail","6":"product_cat-consumidor","8":"first","9":"instock","10":"downloadable","11":"shipping-taxable","12":"purchasable","13":"product-type-simple"},"_links":{"self":[{"href":"https:\/\/juspeticoes.com.br\/site\/wp-json\/wp\/v2\/product\/1398","targetHints":{"allow":["GET"]}}],"collection":[{"href":"https:\/\/juspeticoes.com.br\/site\/wp-json\/wp\/v2\/product"}],"about":[{"href":"https:\/\/juspeticoes.com.br\/site\/wp-json\/wp\/v2\/types\/product"}],"replies":[{"embeddable":true,"href":"https:\/\/juspeticoes.com.br\/site\/wp-json\/wp\/v2\/comments?post=1398"}],"wp:featuredmedia":[{"embeddable":true,"href":"https:\/\/juspeticoes.com.br\/site\/wp-json\/wp\/v2\/media\/1406"}],"wp:attachment":[{"href":"https:\/\/juspeticoes.com.br\/site\/wp-json\/wp\/v2\/media?parent=1398"}],"wp:term":[{"taxonomy":"product_brand","embeddable":true,"href":"https:\/\/juspeticoes.com.br\/site\/wp-json\/wp\/v2\/product_brand?post=1398"},{"taxonomy":"product_cat","embeddable":true,"href":"https:\/\/juspeticoes.com.br\/site\/wp-json\/wp\/v2\/product_cat?post=1398"},{"taxonomy":"product_tag","embeddable":true,"href":"https:\/\/juspeticoes.com.br\/site\/wp-json\/wp\/v2\/product_tag?post=1398"}],"curies":[{"name":"wp","href":"https:\/\/api.w.org\/{rel}","templated":true}]}}