{"id":607,"date":"2021-03-20T03:26:56","date_gmt":"2021-03-20T03:26:56","guid":{"rendered":"https:\/\/juspeticoes.com.br\/site\/?page_id=607"},"modified":"2021-08-09T19:40:29","modified_gmt":"2021-08-09T19:40:29","slug":"modelos","status":"publish","type":"page","link":"https:\/\/juspeticoes.com.br\/site\/modelos\/","title":{"rendered":"Modelos"},"content":{"rendered":"\t\t<div data-elementor-type=\"wp-page\" data-elementor-id=\"607\" class=\"elementor elementor-607\">\n\t\t\t\t\t\t<section class=\"elementor-section elementor-top-section elementor-element elementor-element-139966ce elementor-section-boxed elementor-section-height-default elementor-section-height-default\" data-id=\"139966ce\" data-element_type=\"section\" data-settings=\"{&quot;background_background&quot;:&quot;classic&quot;}\">\n\t\t\t\t\t\t\t<div class=\"elementor-background-overlay\"><\/div>\n\t\t\t\t\t\t\t<div class=\"elementor-container elementor-column-gap-default\">\n\t\t\t\t\t<div class=\"elementor-column elementor-col-100 elementor-top-column elementor-element elementor-element-5e6b82cd\" data-id=\"5e6b82cd\" data-element_type=\"column\">\n\t\t\t<div class=\"elementor-widget-wrap elementor-element-populated\">\n\t\t\t\t\t\t<section class=\"elementor-section elementor-inner-section elementor-element elementor-element-d7edc72 elementor-section-boxed elementor-section-height-default elementor-section-height-default\" data-id=\"d7edc72\" data-element_type=\"section\">\n\t\t\t\t\t\t<div class=\"elementor-container elementor-column-gap-default\">\n\t\t\t\t\t<div class=\"elementor-column elementor-col-100 elementor-inner-column elementor-element elementor-element-3eb6e8ca\" data-id=\"3eb6e8ca\" data-element_type=\"column\">\n\t\t\t<div class=\"elementor-widget-wrap elementor-element-populated\">\n\t\t\t\t\t\t<div class=\"elementor-element elementor-element-3c0bd057 elementor-widget elementor-widget-heading\" data-id=\"3c0bd057\" data-element_type=\"widget\" data-widget_type=\"heading.default\">\n\t\t\t\t<div class=\"elementor-widget-container\">\n\t\t\t\t\t<h2 class=\"elementor-heading-title elementor-size-default\">Modelos<\/h2>\t\t\t\t<\/div>\n\t\t\t\t<\/div>\n\t\t\t\t\t<\/div>\n\t\t<\/div>\n\t\t\t\t\t<\/div>\n\t\t<\/section>\n\t\t\t\t\t<\/div>\n\t\t<\/div>\n\t\t\t\t\t<\/div>\n\t\t<\/section>\n\t\t\t\t<section class=\"elementor-section elementor-top-section elementor-element elementor-element-ff4c734 elementor-section-boxed elementor-section-height-default elementor-section-height-default\" data-id=\"ff4c734\" data-element_type=\"section\">\n\t\t\t\t\t\t<div class=\"elementor-container elementor-column-gap-default\">\n\t\t\t\t\t<div class=\"elementor-column elementor-col-100 elementor-top-column elementor-element elementor-element-6032069\" data-id=\"6032069\" data-element_type=\"column\">\n\t\t\t<div class=\"elementor-widget-wrap elementor-element-populated\">\n\t\t\t\t\t\t<div class=\"elementor-element elementor-element-fd7241a elementor-widget elementor-widget-sina_blogpost\" data-id=\"fd7241a\" data-element_type=\"widget\" data-widget_type=\"sina_blogpost.default\">\n\t\t\t\t<div class=\"elementor-widget-container\">\n\t\t\t\t\t\t\t\t<div class=\"sina-blogpost sina-bp-fd7241a\"\r\n\t\t\tdata-uid=\"fd7241a\"\r\n\t\t\tdata-offset=\"10\"\r\n\t\t\tdata-posts-data='{\"post_type\":\"post\",\"posts_num\":10,\"offset\":10,\"total_posts\":18,\"layout\":\"list\",\"columns\":\"1\",\"layout_type\":\"default\",\"custom_columns\":null,\"categories\":[\"65\"],\"tags\":\"\",\"order_by\":\"date\",\"sort\":\"DESC\",\"posts_text\":\"\",\"excerpt\":null,\"content_length\":null,\"posts_meta\":\"\",\"thumb_right\":\"\",\"is_thumb\":null,\"read_more_effect\":\"\",\"read_more_text\":\"Ver modelo\",\"read_more_icon\":\"icofont icofont-look\",\"read_more_icon_align\":\"right\",\"effects\":\"\",\"cats_position\":null,\"cats_icon\":null,\"posts_avatar\":null,\"avatar_size\":null,\"read_btn_bg_layer_effects\":\"\",\"bg_layer_effects\":\"\"}'>\r\n\t\t\t\t<div class=\"sina-bp-grid\">\r\n\t\t\t\t\t<div class=\"sina-bp-grid-sizer\"><\/div>\r\n\t\t\t\t\t\t\t\t\t\t\t\t<div class=\"sina-bp-col sina-bp-item-1 sina-bp-list  \">\r\n\t\t<div class=\"sina-bp \">\r\n\t\t\t<div class=\"sina-bg-thumb sina-bg-cover\"\r\n\t\t\t\t\t\t\t\t\tstyle=\"background-image: url(https:\/\/juspeticoes.com.br\/site\/wp-content\/uploads\/2021\/07\/consumidor-1.png);\"\r\n\t\t\t\t>\r\n\t\t\t\t<div class=\"sina-overlay\">\r\n\t\t\t\t\t<a href=\"https:\/\/juspeticoes.com.br\/site\/2021\/07\/27\/acao-de-indenizacao-por-cobranca-indevida-c-c-reparacao-por-danos-morais\/\"><\/a>\r\n\t\t\t\t<\/div>\r\n\t\t\t<\/div>\r\n\t\t\t<div class=\"sina-bp-content\">\r\n\t\t\t\t<div class=\"sina-pb-inner-content\">\r\n\t\t\t\t\t\t\t\t\t\t<h2 class=\"sina-bp-title\">\r\n\t\t\t\t\t\t<a href=\"https:\/\/juspeticoes.com.br\/site\/2021\/07\/27\/acao-de-indenizacao-por-cobranca-indevida-c-c-reparacao-por-danos-morais\/\">A\u00c7\u00c3O DE INDENIZA\u00c7\u00c3O POR COBRAN\u00c7A INDEVIDA C\/ C REPARA\u00c7\u00c3O POR DANOS MORAIS<\/a>\r\n\t\t\t\t\t<\/h2>\r\n\t\t\t\t\t\r\n\t\t\t\t\t\r\n\t\t\t\t\t\t\t\t\t\t\t<div class=\"sina-btn-wrapper\">\r\n\t\t\t\t\t\t\t<a href=\"https:\/\/juspeticoes.com.br\/site\/2021\/07\/27\/acao-de-indenizacao-por-cobranca-indevida-c-c-reparacao-por-danos-morais\/\" class=\"sina-read-more  \">\r\n\t\t\t\t\t\t\t\t\t\tVer modelo\t\t\t\t\t<i class=\"icofont icofont-look sina-icon-right\"><\/i>\r\n\t\t\t\t\t\t\t\t\t\t<\/a>\r\n\t\t\t\t\t\t<\/div>\r\n\t\t\t\t\t\t\t\t\t<\/div>\r\n\t\t\t\t\t\t\t<\/div>\r\n\t\t<\/div>\r\n\t<\/div>\r\n\t<div class=\"sina-bp-col sina-bp-item-1 sina-bp-list  \">\r\n\t\t<div class=\"sina-bp \">\r\n\t\t\t<div class=\"sina-bg-thumb sina-bg-cover\"\r\n\t\t\t\t\t\t\t\t\tstyle=\"background-image: url(https:\/\/juspeticoes.com.br\/site\/wp-content\/uploads\/2021\/07\/ACAO-DE-DIVORCIO-5.jpg);\"\r\n\t\t\t\t>\r\n\t\t\t\t<div class=\"sina-overlay\">\r\n\t\t\t\t\t<a href=\"https:\/\/juspeticoes.com.br\/site\/2021\/07\/16\/contrato-de-associacao-entre-advogado-e-sociedade-individual-de-advocacia-para-prestacao-de-servicos-profissionais-colaboracao-reciproca-e-outras-avencas\/\"><\/a>\r\n\t\t\t\t<\/div>\r\n\t\t\t<\/div>\r\n\t\t\t<div class=\"sina-bp-content\">\r\n\t\t\t\t<div class=\"sina-pb-inner-content\">\r\n\t\t\t\t\t\t\t\t\t\t<h2 class=\"sina-bp-title\">\r\n\t\t\t\t\t\t<a href=\"https:\/\/juspeticoes.com.br\/site\/2021\/07\/16\/contrato-de-associacao-entre-advogado-e-sociedade-individual-de-advocacia-para-prestacao-de-servicos-profissionais-colaboracao-reciproca-e-outras-avencas\/\">CONTRATO DE ASSOCIA\u00c7\u00c3O ENTRE ADVOGADO E SOCIEDADE INDIVIDUAL DE ADVOCACIA PARA PRESTA\u00c7\u00c3O DE SERVI\u00c7OS PROFISSIONAIS, COLABORA\u00c7\u00c3O REC\u00cdPROCA E OUTRAS AVEN\u00c7AS.<\/a>\r\n\t\t\t\t\t<\/h2>\r\n\t\t\t\t\t\r\n\t\t\t\t\t\r\n\t\t\t\t\t\t\t\t\t\t\t<div class=\"sina-btn-wrapper\">\r\n\t\t\t\t\t\t\t<a href=\"https:\/\/juspeticoes.com.br\/site\/2021\/07\/16\/contrato-de-associacao-entre-advogado-e-sociedade-individual-de-advocacia-para-prestacao-de-servicos-profissionais-colaboracao-reciproca-e-outras-avencas\/\" class=\"sina-read-more  \">\r\n\t\t\t\t\t\t\t\t\t\tVer modelo\t\t\t\t\t<i class=\"icofont icofont-look sina-icon-right\"><\/i>\r\n\t\t\t\t\t\t\t\t\t\t<\/a>\r\n\t\t\t\t\t\t<\/div>\r\n\t\t\t\t\t\t\t\t\t<\/div>\r\n\t\t\t\t\t\t\t<\/div>\r\n\t\t<\/div>\r\n\t<\/div>\r\n\t<div class=\"sina-bp-col sina-bp-item-1 sina-bp-list  \">\r\n\t\t<div class=\"sina-bp \">\r\n\t\t\t<div class=\"sina-bg-thumb sina-bg-cover\"\r\n\t\t\t\t\t\t\t\t\tstyle=\"background-image: url(https:\/\/juspeticoes.com.br\/site\/wp-content\/uploads\/2021\/06\/Sem-titulo.jpg);\"\r\n\t\t\t\t>\r\n\t\t\t\t<div class=\"sina-overlay\">\r\n\t\t\t\t\t<a href=\"https:\/\/juspeticoes.com.br\/site\/2021\/06\/17\/contrato-de-namoro\/\"><\/a>\r\n\t\t\t\t<\/div>\r\n\t\t\t<\/div>\r\n\t\t\t<div class=\"sina-bp-content\">\r\n\t\t\t\t<div class=\"sina-pb-inner-content\">\r\n\t\t\t\t\t\t\t\t\t\t<h2 class=\"sina-bp-title\">\r\n\t\t\t\t\t\t<a href=\"https:\/\/juspeticoes.com.br\/site\/2021\/06\/17\/contrato-de-namoro\/\">CONTRATO DE NAMORO<\/a>\r\n\t\t\t\t\t<\/h2>\r\n\t\t\t\t\t\r\n\t\t\t\t\t\r\n\t\t\t\t\t\t\t\t\t\t\t<div class=\"sina-btn-wrapper\">\r\n\t\t\t\t\t\t\t<a href=\"https:\/\/juspeticoes.com.br\/site\/2021\/06\/17\/contrato-de-namoro\/\" class=\"sina-read-more  \">\r\n\t\t\t\t\t\t\t\t\t\tVer modelo\t\t\t\t\t<i class=\"icofont icofont-look sina-icon-right\"><\/i>\r\n\t\t\t\t\t\t\t\t\t\t<\/a>\r\n\t\t\t\t\t\t<\/div>\r\n\t\t\t\t\t\t\t\t\t<\/div>\r\n\t\t\t\t\t\t\t<\/div>\r\n\t\t<\/div>\r\n\t<\/div>\r\n\t<div class=\"sina-bp-col sina-bp-item-1 sina-bp-list  \">\r\n\t\t<div class=\"sina-bp \">\r\n\t\t\t<div class=\"sina-bg-thumb sina-bg-cover\"\r\n\t\t\t\t\t\t\t\t\tstyle=\"background-image: url(https:\/\/juspeticoes.com.br\/site\/wp-content\/uploads\/2021\/06\/Card.png);\"\r\n\t\t\t\t>\r\n\t\t\t\t<div class=\"sina-overlay\">\r\n\t\t\t\t\t<a href=\"https:\/\/juspeticoes.com.br\/site\/2021\/06\/17\/pedido-de-restituicao-compensacao\/\"><\/a>\r\n\t\t\t\t<\/div>\r\n\t\t\t<\/div>\r\n\t\t\t<div class=\"sina-bp-content\">\r\n\t\t\t\t<div class=\"sina-pb-inner-content\">\r\n\t\t\t\t\t\t\t\t\t\t<h2 class=\"sina-bp-title\">\r\n\t\t\t\t\t\t<a href=\"https:\/\/juspeticoes.com.br\/site\/2021\/06\/17\/pedido-de-restituicao-compensacao\/\">Pedido de Restitui\u00e7\u00e3o\/Compensa\u00e7\u00e3o<\/a>\r\n\t\t\t\t\t<\/h2>\r\n\t\t\t\t\t\r\n\t\t\t\t\t\r\n\t\t\t\t\t\t\t\t\t\t\t<div class=\"sina-btn-wrapper\">\r\n\t\t\t\t\t\t\t<a href=\"https:\/\/juspeticoes.com.br\/site\/2021\/06\/17\/pedido-de-restituicao-compensacao\/\" class=\"sina-read-more  \">\r\n\t\t\t\t\t\t\t\t\t\tVer modelo\t\t\t\t\t<i class=\"icofont icofont-look sina-icon-right\"><\/i>\r\n\t\t\t\t\t\t\t\t\t\t<\/a>\r\n\t\t\t\t\t\t<\/div>\r\n\t\t\t\t\t\t\t\t\t<\/div>\r\n\t\t\t\t\t\t\t<\/div>\r\n\t\t<\/div>\r\n\t<\/div>\r\n\t<div class=\"sina-bp-col sina-bp-item-1 sina-bp-list  \">\r\n\t\t<div class=\"sina-bp \">\r\n\t\t\t<div class=\"sina-bg-thumb sina-bg-cover\"\r\n\t\t\t\t\t\t\t\t\tstyle=\"background-image: url(https:\/\/juspeticoes.com.br\/site\/wp-content\/uploads\/2021\/06\/ACAO-DE-DIVORCIO-3.jpg);\"\r\n\t\t\t\t>\r\n\t\t\t\t<div class=\"sina-overlay\">\r\n\t\t\t\t\t<a href=\"https:\/\/juspeticoes.com.br\/site\/2021\/06\/17\/contestacao-trabalhista\/\"><\/a>\r\n\t\t\t\t<\/div>\r\n\t\t\t<\/div>\r\n\t\t\t<div class=\"sina-bp-content\">\r\n\t\t\t\t<div class=\"sina-pb-inner-content\">\r\n\t\t\t\t\t\t\t\t\t\t<h2 class=\"sina-bp-title\">\r\n\t\t\t\t\t\t<a href=\"https:\/\/juspeticoes.com.br\/site\/2021\/06\/17\/contestacao-trabalhista\/\">Contesta\u00e7\u00e3o Trabalhista<\/a>\r\n\t\t\t\t\t<\/h2>\r\n\t\t\t\t\t\r\n\t\t\t\t\t\r\n\t\t\t\t\t\t\t\t\t\t\t<div class=\"sina-btn-wrapper\">\r\n\t\t\t\t\t\t\t<a href=\"https:\/\/juspeticoes.com.br\/site\/2021\/06\/17\/contestacao-trabalhista\/\" class=\"sina-read-more  \">\r\n\t\t\t\t\t\t\t\t\t\tVer modelo\t\t\t\t\t<i class=\"icofont icofont-look sina-icon-right\"><\/i>\r\n\t\t\t\t\t\t\t\t\t\t<\/a>\r\n\t\t\t\t\t\t<\/div>\r\n\t\t\t\t\t\t\t\t\t<\/div>\r\n\t\t\t\t\t\t\t<\/div>\r\n\t\t<\/div>\r\n\t<\/div>\r\n\t<div class=\"sina-bp-col sina-bp-item-1 sina-bp-list  \">\r\n\t\t<div class=\"sina-bp \">\r\n\t\t\t<div class=\"sina-bg-thumb sina-bg-cover\"\r\n\t\t\t\t\t\t\t\t\tstyle=\"background-image: url(https:\/\/juspeticoes.com.br\/site\/wp-content\/uploads\/2021\/05\/ACAO-DE-DIVORCIO-2.jpg);\"\r\n\t\t\t\t>\r\n\t\t\t\t<div class=\"sina-overlay\">\r\n\t\t\t\t\t<a href=\"https:\/\/juspeticoes.com.br\/site\/2021\/05\/27\/acao-excecao-de-pre-executividade\/\"><\/a>\r\n\t\t\t\t<\/div>\r\n\t\t\t<\/div>\r\n\t\t\t<div class=\"sina-bp-content\">\r\n\t\t\t\t<div class=\"sina-pb-inner-content\">\r\n\t\t\t\t\t\t\t\t\t\t<h2 class=\"sina-bp-title\">\r\n\t\t\t\t\t\t<a href=\"https:\/\/juspeticoes.com.br\/site\/2021\/05\/27\/acao-excecao-de-pre-executividade\/\">A\u00c7\u00c3O EXCE\u00c7\u00c3O DE PR\u00c9-EXECUTIVIDADE<\/a>\r\n\t\t\t\t\t<\/h2>\r\n\t\t\t\t\t\r\n\t\t\t\t\t\r\n\t\t\t\t\t\t\t\t\t\t\t<div class=\"sina-btn-wrapper\">\r\n\t\t\t\t\t\t\t<a href=\"https:\/\/juspeticoes.com.br\/site\/2021\/05\/27\/acao-excecao-de-pre-executividade\/\" class=\"sina-read-more  \">\r\n\t\t\t\t\t\t\t\t\t\tVer modelo\t\t\t\t\t<i class=\"icofont icofont-look sina-icon-right\"><\/i>\r\n\t\t\t\t\t\t\t\t\t\t<\/a>\r\n\t\t\t\t\t\t<\/div>\r\n\t\t\t\t\t\t\t\t\t<\/div>\r\n\t\t\t\t\t\t\t<\/div>\r\n\t\t<\/div>\r\n\t<\/div>\r\n\t<div class=\"sina-bp-col sina-bp-item-1 sina-bp-list  \">\r\n\t\t<div class=\"sina-bp \">\r\n\t\t\t<div class=\"sina-bg-thumb sina-bg-cover\"\r\n\t\t\t\t\t\t\t\t\tstyle=\"background-image: url(https:\/\/juspeticoes.com.br\/site\/wp-content\/uploads\/2021\/05\/ACAO-DE-DIVORCIO-1.jpg);\"\r\n\t\t\t\t>\r\n\t\t\t\t<div class=\"sina-overlay\">\r\n\t\t\t\t\t<a href=\"https:\/\/juspeticoes.com.br\/site\/2021\/05\/18\/recurso-administrativo-imposto-de-renda\/\"><\/a>\r\n\t\t\t\t<\/div>\r\n\t\t\t<\/div>\r\n\t\t\t<div class=\"sina-bp-content\">\r\n\t\t\t\t<div class=\"sina-pb-inner-content\">\r\n\t\t\t\t\t\t\t\t\t\t<h2 class=\"sina-bp-title\">\r\n\t\t\t\t\t\t<a href=\"https:\/\/juspeticoes.com.br\/site\/2021\/05\/18\/recurso-administrativo-imposto-de-renda\/\">RECURSO ADMINISTRATIVO- IMPOSTO DE RENDA<\/a>\r\n\t\t\t\t\t<\/h2>\r\n\t\t\t\t\t\r\n\t\t\t\t\t\r\n\t\t\t\t\t\t\t\t\t\t\t<div class=\"sina-btn-wrapper\">\r\n\t\t\t\t\t\t\t<a href=\"https:\/\/juspeticoes.com.br\/site\/2021\/05\/18\/recurso-administrativo-imposto-de-renda\/\" class=\"sina-read-more  \">\r\n\t\t\t\t\t\t\t\t\t\tVer modelo\t\t\t\t\t<i class=\"icofont icofont-look sina-icon-right\"><\/i>\r\n\t\t\t\t\t\t\t\t\t\t<\/a>\r\n\t\t\t\t\t\t<\/div>\r\n\t\t\t\t\t\t\t\t\t<\/div>\r\n\t\t\t\t\t\t\t<\/div>\r\n\t\t<\/div>\r\n\t<\/div>\r\n\t<div class=\"sina-bp-col sina-bp-item-1 sina-bp-list  \">\r\n\t\t<div class=\"sina-bp \">\r\n\t\t\t<div class=\"sina-bg-thumb sina-bg-cover\"\r\n\t\t\t\t\t\t\t\t\tstyle=\"background-image: url(https:\/\/juspeticoes.com.br\/site\/wp-content\/uploads\/2021\/05\/ACAO-DE-DIVORCIO-4-pdf.jpg);\"\r\n\t\t\t\t>\r\n\t\t\t\t<div class=\"sina-overlay\">\r\n\t\t\t\t\t<a href=\"https:\/\/juspeticoes.com.br\/site\/2021\/05\/14\/agravo-de-instrumento-alimentos-gravidicos-provisorios\/\"><\/a>\r\n\t\t\t\t<\/div>\r\n\t\t\t<\/div>\r\n\t\t\t<div class=\"sina-bp-content\">\r\n\t\t\t\t<div class=\"sina-pb-inner-content\">\r\n\t\t\t\t\t\t\t\t\t\t<h2 class=\"sina-bp-title\">\r\n\t\t\t\t\t\t<a href=\"https:\/\/juspeticoes.com.br\/site\/2021\/05\/14\/agravo-de-instrumento-alimentos-gravidicos-provisorios\/\">AGRAVO DE INSTRUMENTO- ALIMENTOS GRAV\u00cdDICOS PROVIS\u00d3RIOS<\/a>\r\n\t\t\t\t\t<\/h2>\r\n\t\t\t\t\t\r\n\t\t\t\t\t\r\n\t\t\t\t\t\t\t\t\t\t\t<div class=\"sina-btn-wrapper\">\r\n\t\t\t\t\t\t\t<a href=\"https:\/\/juspeticoes.com.br\/site\/2021\/05\/14\/agravo-de-instrumento-alimentos-gravidicos-provisorios\/\" class=\"sina-read-more  \">\r\n\t\t\t\t\t\t\t\t\t\tVer modelo\t\t\t\t\t<i class=\"icofont icofont-look sina-icon-right\"><\/i>\r\n\t\t\t\t\t\t\t\t\t\t<\/a>\r\n\t\t\t\t\t\t<\/div>\r\n\t\t\t\t\t\t\t\t\t<\/div>\r\n\t\t\t\t\t\t\t<\/div>\r\n\t\t<\/div>\r\n\t<\/div>\r\n\t<div class=\"sina-bp-col sina-bp-item-1 sina-bp-list  \">\r\n\t\t<div class=\"sina-bp \">\r\n\t\t\t<div class=\"sina-bg-thumb sina-bg-cover\"\r\n\t\t\t\t\t\t\t\t\tstyle=\"background-image: url(https:\/\/juspeticoes.com.br\/site\/wp-content\/uploads\/2021\/05\/ACAO-DE-DIVORCIO.jpg);\"\r\n\t\t\t\t>\r\n\t\t\t\t<div class=\"sina-overlay\">\r\n\t\t\t\t\t<a href=\"https:\/\/juspeticoes.com.br\/site\/2021\/05\/10\/acao-revisional-de-correcao-monetaria-do-fgts\/\"><\/a>\r\n\t\t\t\t<\/div>\r\n\t\t\t<\/div>\r\n\t\t\t<div class=\"sina-bp-content\">\r\n\t\t\t\t<div class=\"sina-pb-inner-content\">\r\n\t\t\t\t\t\t\t\t\t\t<h2 class=\"sina-bp-title\">\r\n\t\t\t\t\t\t<a href=\"https:\/\/juspeticoes.com.br\/site\/2021\/05\/10\/acao-revisional-de-correcao-monetaria-do-fgts\/\">A\u00c7\u00c3O REVISIONAL DE CORRE\u00c7\u00c3O MONET\u00c1RIA DO FGTS.<\/a>\r\n\t\t\t\t\t<\/h2>\r\n\t\t\t\t\t\r\n\t\t\t\t\t\r\n\t\t\t\t\t\t\t\t\t\t\t<div class=\"sina-btn-wrapper\">\r\n\t\t\t\t\t\t\t<a href=\"https:\/\/juspeticoes.com.br\/site\/2021\/05\/10\/acao-revisional-de-correcao-monetaria-do-fgts\/\" class=\"sina-read-more  \">\r\n\t\t\t\t\t\t\t\t\t\tVer modelo\t\t\t\t\t<i class=\"icofont icofont-look sina-icon-right\"><\/i>\r\n\t\t\t\t\t\t\t\t\t\t<\/a>\r\n\t\t\t\t\t\t<\/div>\r\n\t\t\t\t\t\t\t\t\t<\/div>\r\n\t\t\t\t\t\t\t<\/div>\r\n\t\t<\/div>\r\n\t<\/div>\r\n\t<div class=\"sina-bp-col sina-bp-item-1 sina-bp-list  \">\r\n\t\t<div class=\"sina-bp \">\r\n\t\t\t<div class=\"sina-bg-thumb sina-bg-cover\"\r\n\t\t\t\t\t\t\t\t\tstyle=\"background-image: url(https:\/\/juspeticoes.com.br\/site\/wp-content\/uploads\/2021\/05\/ACAO-DE-DIVORCIO-3-pdf.jpg);\"\r\n\t\t\t\t>\r\n\t\t\t\t<div class=\"sina-overlay\">\r\n\t\t\t\t\t<a href=\"https:\/\/juspeticoes.com.br\/site\/2021\/05\/04\/acao-de-guarda-e-regulamentacao-de-visitas-c-c-alimentos-com-pedido-de-tutela-de-urgencia\/\"><\/a>\r\n\t\t\t\t<\/div>\r\n\t\t\t<\/div>\r\n\t\t\t<div class=\"sina-bp-content\">\r\n\t\t\t\t<div class=\"sina-pb-inner-content\">\r\n\t\t\t\t\t\t\t\t\t\t<h2 class=\"sina-bp-title\">\r\n\t\t\t\t\t\t<a href=\"https:\/\/juspeticoes.com.br\/site\/2021\/05\/04\/acao-de-guarda-e-regulamentacao-de-visitas-c-c-alimentos-com-pedido-de-tutela-de-urgencia\/\">A\u00c7\u00c3O DE GUARDA E REGULAMENTA\u00c7\u00c3O DE VISITAS  C\/C ALIMENTOS, COM PEDIDO DE TUTELA DE URG\u00caNCIA<\/a>\r\n\t\t\t\t\t<\/h2>\r\n\t\t\t\t\t\r\n\t\t\t\t\t\r\n\t\t\t\t\t\t\t\t\t\t\t<div class=\"sina-btn-wrapper\">\r\n\t\t\t\t\t\t\t<a href=\"https:\/\/juspeticoes.com.br\/site\/2021\/05\/04\/acao-de-guarda-e-regulamentacao-de-visitas-c-c-alimentos-com-pedido-de-tutela-de-urgencia\/\" class=\"sina-read-more  \">\r\n\t\t\t\t\t\t\t\t\t\tVer modelo\t\t\t\t\t<i class=\"icofont icofont-look sina-icon-right\"><\/i>\r\n\t\t\t\t\t\t\t\t\t\t<\/a>\r\n\t\t\t\t\t\t<\/div>\r\n\t\t\t\t\t\t\t\t\t<\/div>\r\n\t\t\t\t\t\t\t<\/div>\r\n\t\t<\/div>\r\n\t<\/div>\r\n\t\t\t\t\t\t\t\t\t\t\t\t\t\t<\/div>\r\n\r\n\t\t\t\t\r\n\t\t\t\t\t\t\t\t<input type=\"hidden\" id=\"sina_load_more_postsfd7241a\" name=\"sina_load_more_postsfd7241a\" value=\"696fbf3b9f\" \/><input type=\"hidden\" name=\"_wp_http_referer\" value=\"\/site\/wp-json\/wp\/v2\/pages\/607\" \/>\t\t\t<\/div><!-- .sina-blogpost -->\r\n\t\t\t\t\t\t\t<\/div>\n\t\t\t\t<\/div>\n\t\t\t\t\t<\/div>\n\t\t<\/div>\n\t\t\t\t\t<\/div>\n\t\t<\/section>\n\t\t\t\t<section class=\"elementor-section elementor-top-section elementor-element elementor-element-566ebe3 elementor-section-boxed elementor-section-height-default elementor-section-height-default\" data-id=\"566ebe3\" data-element_type=\"section\">\n\t\t\t\t\t\t<div class=\"elementor-container elementor-column-gap-default\">\n\t\t\t\t\t<div class=\"elementor-column elementor-col-100 elementor-top-column elementor-element elementor-element-fbae910\" data-id=\"fbae910\" data-element_type=\"column\">\n\t\t\t<div class=\"elementor-widget-wrap elementor-element-populated\">\n\t\t\t\t\t\t<div class=\"elementor-element elementor-element-1555e80 elementor-widget elementor-widget-heading\" data-id=\"1555e80\" data-element_type=\"widget\" data-widget_type=\"heading.default\">\n\t\t\t\t<div class=\"elementor-widget-container\">\n\t\t\t\t\t<h2 class=\"elementor-heading-title elementor-size-default\"><a href=\"https:\/\/juspeticoes.jusbrasil.com.br\/\">Voc\u00ea tamb\u00e9m pode encontrar nossos artigos no Jusbrasil<\/a><\/h2>\t\t\t\t<\/div>\n\t\t\t\t<\/div>\n\t\t\t\t<div class=\"elementor-element elementor-element-b797167 elementor-widget elementor-widget-image\" data-id=\"b797167\" data-element_type=\"widget\" data-widget_type=\"image.default\">\n\t\t\t\t<div class=\"elementor-widget-container\">\n\t\t\t\t\t\t\t\t\t\t\t\t\t\t\t\t<a href=\"https:\/\/juspeticoes.jusbrasil.com.br\/\">\n\t\t\t\t\t\t\t<img fetchpriority=\"high\" decoding=\"async\" width=\"300\" height=\"300\" src=\"https:\/\/juspeticoes.com.br\/site\/wp-content\/uploads\/2021\/03\/494085a9-bb50-4e68-ba07-311fb76c3479_Jusbrasil_Arrow_lightBackground-300x300.png\" class=\"attachment-medium size-medium wp-image-857\" alt=\"\" srcset=\"https:\/\/juspeticoes.com.br\/site\/wp-content\/uploads\/2021\/03\/494085a9-bb50-4e68-ba07-311fb76c3479_Jusbrasil_Arrow_lightBackground-300x300.png 300w, https:\/\/juspeticoes.com.br\/site\/wp-content\/uploads\/2021\/03\/494085a9-bb50-4e68-ba07-311fb76c3479_Jusbrasil_Arrow_lightBackground-250x250.png 250w, https:\/\/juspeticoes.com.br\/site\/wp-content\/uploads\/2021\/03\/494085a9-bb50-4e68-ba07-311fb76c3479_Jusbrasil_Arrow_lightBackground-100x100.png 100w, https:\/\/juspeticoes.com.br\/site\/wp-content\/uploads\/2021\/03\/494085a9-bb50-4e68-ba07-311fb76c3479_Jusbrasil_Arrow_lightBackground-600x600.png 600w, https:\/\/juspeticoes.com.br\/site\/wp-content\/uploads\/2021\/03\/494085a9-bb50-4e68-ba07-311fb76c3479_Jusbrasil_Arrow_lightBackground-150x150.png 150w, https:\/\/juspeticoes.com.br\/site\/wp-content\/uploads\/2021\/03\/494085a9-bb50-4e68-ba07-311fb76c3479_Jusbrasil_Arrow_lightBackground.png 700w\" sizes=\"(max-width: 300px) 100vw, 300px\" \/>\t\t\t\t\t\t\t\t<\/a>\n\t\t\t\t\t\t\t\t\t\t\t\t\t\t\t<\/div>\n\t\t\t\t<\/div>\n\t\t\t\t\t<\/div>\n\t\t<\/div>\n\t\t\t\t\t<\/div>\n\t\t<\/section>\n\t\t\t\t<section class=\"elementor-section elementor-top-section elementor-element elementor-element-6eaf0d2 elementor-section-boxed elementor-section-height-default elementor-section-height-default\" data-id=\"6eaf0d2\" data-element_type=\"section\">\n\t\t\t\t\t\t<div class=\"elementor-container elementor-column-gap-default\">\n\t\t\t\t\t<div class=\"elementor-column elementor-col-100 elementor-top-column elementor-element elementor-element-736623f\" data-id=\"736623f\" data-element_type=\"column\">\n\t\t\t<div class=\"elementor-widget-wrap\">\n\t\t\t\t\t\t\t<\/div>\n\t\t<\/div>\n\t\t\t\t\t<\/div>\n\t\t<\/section>\n\t\t\t\t<\/div>\n\t\t","protected":false},"excerpt":{"rendered":"<p>Modelos A\u00c7\u00c3O DE INDENIZA\u00c7\u00c3O POR COBRAN\u00c7A INDEVIDA C\/ C REPARA\u00c7\u00c3O POR DANOS MORAIS Ver modelo CONTRATO DE ASSOCIA\u00c7\u00c3O ENTRE ADVOGADO E SOCIEDADE INDIVIDUAL DE ADVOCACIA PARA PRESTA\u00c7\u00c3O DE SERVI\u00c7OS PROFISSIONAIS, COLABORA\u00c7\u00c3O REC\u00cdPROCA E OUTRAS AVEN\u00c7AS. Ver modelo CONTRATO DE NAMORO Ver modelo Pedido de Restitui\u00e7\u00e3o\/Compensa\u00e7\u00e3o Ver modelo Contesta\u00e7\u00e3o Trabalhista Ver modelo A\u00c7\u00c3O EXCE\u00c7\u00c3O DE PR\u00c9-EXECUTIVIDADE Ver modelo RECURSO ADMINISTRATIVO- IMPOSTO [&hellip;]<\/p>\n","protected":false},"author":1,"featured_media":0,"parent":0,"menu_order":0,"comment_status":"closed","ping_status":"closed","template":"elementor_header_footer","meta":{"_joinchat":[],"footnotes":""},"class_list":["post-607","page","type-page","status-publish","hentry"],"_links":{"self":[{"href":"https:\/\/juspeticoes.com.br\/site\/wp-json\/wp\/v2\/pages\/607","targetHints":{"allow":["GET"]}}],"collection":[{"href":"https:\/\/juspeticoes.com.br\/site\/wp-json\/wp\/v2\/pages"}],"about":[{"href":"https:\/\/juspeticoes.com.br\/site\/wp-json\/wp\/v2\/types\/page"}],"author":[{"embeddable":true,"href":"https:\/\/juspeticoes.com.br\/site\/wp-json\/wp\/v2\/users\/1"}],"replies":[{"embeddable":true,"href":"https:\/\/juspeticoes.com.br\/site\/wp-json\/wp\/v2\/comments?post=607"}],"version-history":[{"count":49,"href":"https:\/\/juspeticoes.com.br\/site\/wp-json\/wp\/v2\/pages\/607\/revisions"}],"predecessor-version":[{"id":1125,"href":"https:\/\/juspeticoes.com.br\/site\/wp-json\/wp\/v2\/pages\/607\/revisions\/1125"}],"wp:attachment":[{"href":"https:\/\/juspeticoes.com.br\/site\/wp-json\/wp\/v2\/media?parent=607"}],"curies":[{"name":"wp","href":"https:\/\/api.w.org\/{rel}","templated":true}]}}